{"id":944,"date":"2016-11-09T20:03:58","date_gmt":"2016-11-10T01:03:58","guid":{"rendered":"http:\/\/dev.nu-motion.com\/wordpress\/?page_id=944"},"modified":"2016-12-07T18:34:32","modified_gmt":"2016-12-07T23:34:32","slug":"pedale-sustain-sans-fil","status":"publish","type":"page","link":"https:\/\/nu-motion.com\/?page_id=944","title":{"rendered":"P\u00e9dale Sustain sans fil"},"content":{"rendered":"<h1>\u00a0P\u00e9dale Sustain sans fil<\/h1>\n<blockquote><p>La premi\u00e8re p\u00e9dale sustain sans fil<\/p><\/blockquote>\n<p>\u2022\u00a0permet au clavi\u00e9riste\u00a0d&#8217;utiliser une p\u00e9dale de sustain sans encombrement de fils<br \/>\n\u2022\u00a0simplifie le positionnement et le d\u00e9placement des musiciens sur sc\u00e8ne<\/p>\n","protected":false},"excerpt":{"rendered":"<p>\u00a0P\u00e9dale Sustain sans fil La premi\u00e8re p\u00e9dale sustain sans fil \u2022\u00a0permet au clavi\u00e9riste\u00a0d&#8217;utiliser une p\u00e9dale de sustain sans encombrement de fils \u2022\u00a0simplifie le positionnement et le d\u00e9placement des musiciens sur sc\u00e8ne<\/p>\n","protected":false},"author":1,"featured_media":0,"parent":0,"menu_order":0,"comment_status":"closed","ping_status":"closed","template":"","meta":{"kt_blocks_editor_width":"","footnotes":""},"class_list":["post-944","page","type-page","status-publish","hentry"],"_links":{"self":[{"href":"https:\/\/nu-motion.com\/index.php?rest_route=\/wp\/v2\/pages\/944","targetHints":{"allow":["GET"]}}],"collection":[{"href":"https:\/\/nu-motion.com\/index.php?rest_route=\/wp\/v2\/pages"}],"about":[{"href":"https:\/\/nu-motion.com\/index.php?rest_route=\/wp\/v2\/types\/page"}],"author":[{"embeddable":true,"href":"https:\/\/nu-motion.com\/index.php?rest_route=\/wp\/v2\/users\/1"}],"replies":[{"embeddable":true,"href":"https:\/\/nu-motion.com\/index.php?rest_route=%2Fwp%2Fv2%2Fcomments&post=944"}],"version-history":[{"count":3,"href":"https:\/\/nu-motion.com\/index.php?rest_route=\/wp\/v2\/pages\/944\/revisions"}],"predecessor-version":[{"id":1071,"href":"https:\/\/nu-motion.com\/index.php?rest_route=\/wp\/v2\/pages\/944\/revisions\/1071"}],"wp:attachment":[{"href":"https:\/\/nu-motion.com\/index.php?rest_route=%2Fwp%2Fv2%2Fmedia&parent=944"}],"curies":[{"name":"wp","href":"https:\/\/api.w.org\/{rel}","templated":true}]}}