{"id":2804,"date":"2021-07-06T22:44:33","date_gmt":"2021-07-07T02:44:33","guid":{"rendered":"http:\/\/nu-motion.com\/?page_id=2804"},"modified":"2021-07-08T20:52:27","modified_gmt":"2021-07-09T00:52:27","slug":"michel-chatillon","status":"publish","type":"page","link":"https:\/\/nu-motion.com\/?page_id=2804","title":{"rendered":"Michel Chatillon"},"content":{"rendered":"\n<p class=\"has-large-font-size\">Michel Chatillon<\/p>\n\n\n\n<div class=\"wp-block-image\"><figure class=\"alignleft is-resized\"><img loading=\"lazy\" decoding=\"async\" src=\"http:\/\/nu-motion.com\/wp-content\/uploads\/2018\/06\/Michel-Chatillon-Photo-Page-Artsist.jpg\" alt=\"\" class=\"wp-image-2882\" width=\"294\" height=\"392\" srcset=\"https:\/\/nu-motion.com\/wp-content\/uploads\/2018\/06\/Michel-Chatillon-Photo-Page-Artsist.jpg 720w, https:\/\/nu-motion.com\/wp-content\/uploads\/2018\/06\/Michel-Chatillon-Photo-Page-Artsist-225x300.jpg 225w\" sizes=\"auto, (max-width: 294px) 100vw, 294px\" \/><\/figure><\/div>\n\n\n\n<p><strong>Musicien Animateur \/ Clavi\u00e9riste, Interpr\u00e8te, et Showman&nbsp;!<\/strong><\/p>\n\n\n\n<p>Issue d&#8217;une famille de musiciens dans le Country, il touche plusieurs instruments de musique d\u00e8s son jeune \u00e2ge. Autodidacte, &nbsp;il d\u00e9bute sa carri\u00e8re dans les piano-bars au Qu\u00e9bec au milieu des ann\u00e9es 70.&nbsp;<\/p>\n\n\n\n<p>Durant pr\u00e8s de 20 ans, il a fait la tourn\u00e9e au Qu\u00e9bec, &nbsp;pour ensuite&nbsp; faire un court s\u00e9jour en Floride,&nbsp; en 1988. Il revient \u00e0 Montr\u00e9al, et se joint au groupe Dynamick pour faire des shows corporatifs.<\/p>\n\n\n\n<p>Depuis plusieurs ann\u00e9es, il a fait sa marque comme rassembleur aupr\u00e8s de nombreux \u00ab&nbsp;groupies&nbsp;\u00bb. Il se produit en Floride depuis plus de 15 ans aupr\u00e8s de son public Qu\u00e9becois et Am\u00e9ricains, comme interpr\u00e8te en anglais, fran\u00e7ais, italien et espagnole. &nbsp;Il agit souvent comme accompagnateur et directeur musical sur diff\u00e9rentes croisi\u00e8res dans les Cara\u00efbes ( MSC, NCL, ROYAL CARABEAN ).<\/p>\n\n\n\n<p>Bravo! \u00e0 un artiste sympathique, pr\u00e8s de son public dot\u00e9e d\u2019une tr\u00e8s belle voix et d\u2019un grand charisme. &nbsp;<\/p>\n\n\n\n<p>Un artiste \u00e0 d\u00e9couvrir.<\/p>\n\n\n\n<p><a href=\"https:\/\/www.facebook.com\/Michel-Chatillon-Entertainer-109639487183802\">https:\/\/www.facebook.com\/Michel-Chatillon-Entertainer-109639487183802<\/a><\/p>\n","protected":false},"excerpt":{"rendered":"<p>Michel Chatillon Musicien Animateur \/ Clavi\u00e9riste, Interpr\u00e8te, et Showman&nbsp;! Issue d&#8217;une famille de musiciens dans le Country, il touche plusieurs instruments de musique d\u00e8s son jeune \u00e2ge. Autodidacte, &nbsp;il d\u00e9bute sa carri\u00e8re dans les piano-bars au Qu\u00e9bec au milieu des &hellip; <a class=\"kt-excerpt-readmore\" href=\"https:\/\/nu-motion.com\/?page_id=2804\" aria-label=\"Michel Chatillon\">Read More<\/a><\/p>\n","protected":false},"author":1,"featured_media":0,"parent":0,"menu_order":0,"comment_status":"closed","ping_status":"closed","template":"page-fullwidth.php","meta":{"kt_blocks_editor_width":"","footnotes":""},"class_list":["post-2804","page","type-page","status-publish","hentry"],"_links":{"self":[{"href":"https:\/\/nu-motion.com\/index.php?rest_route=\/wp\/v2\/pages\/2804","targetHints":{"allow":["GET"]}}],"collection":[{"href":"https:\/\/nu-motion.com\/index.php?rest_route=\/wp\/v2\/pages"}],"about":[{"href":"https:\/\/nu-motion.com\/index.php?rest_route=\/wp\/v2\/types\/page"}],"author":[{"embeddable":true,"href":"https:\/\/nu-motion.com\/index.php?rest_route=\/wp\/v2\/users\/1"}],"replies":[{"embeddable":true,"href":"https:\/\/nu-motion.com\/index.php?rest_route=%2Fwp%2Fv2%2Fcomments&post=2804"}],"version-history":[{"count":14,"href":"https:\/\/nu-motion.com\/index.php?rest_route=\/wp\/v2\/pages\/2804\/revisions"}],"predecessor-version":[{"id":2917,"href":"https:\/\/nu-motion.com\/index.php?rest_route=\/wp\/v2\/pages\/2804\/revisions\/2917"}],"wp:attachment":[{"href":"https:\/\/nu-motion.com\/index.php?rest_route=%2Fwp%2Fv2%2Fmedia&parent=2804"}],"curies":[{"name":"wp","href":"https:\/\/api.w.org\/{rel}","templated":true}]}}