{"id":1161,"date":"2016-12-10T10:29:36","date_gmt":"2016-12-10T15:29:36","guid":{"rendered":"http:\/\/dev.nu-motion.com\/wordpress\/?page_id=1161"},"modified":"2017-01-25T19:20:13","modified_gmt":"2017-01-26T00:20:13","slug":"adam-brown","status":"publish","type":"page","link":"https:\/\/nu-motion.com\/?page_id=1161","title":{"rendered":"Adam Brown"},"content":{"rendered":"<h1>Adam Brown<\/h1>\n<h3><img loading=\"lazy\" decoding=\"async\" src=\"http:\/\/nu-motion.com\/wp-content\/uploads\/2016\/12\/Adam-Brown-REVO-1-1-632x474.jpg\" alt=\"\" width=\"250\" height=\"187\" \/><\/h3>\n<h3><strong>Clavi\u00e9riste, producteur \/ Artistes Tejano<\/strong><\/h3>\n<p>Adam r\u00e9side \u00e0 Colorado Springs, CO. Il est actuellement impliqu\u00e9 avec plusieurs groupes au Colorado. Il a eu l&#8217;occasion de produire de nombreux artistes, 5 fois nomin\u00e9s au Grammy et gagnant Little Joe Y La Familia, et un Grammy Winners Max Baca, ainsi que \u00a0Raulito Navaira. Il est n\u00e9 dans la petite ville de San Luis, CO., exprimant son int\u00e9r\u00eat pour la musique \u00e0 un \u00e2ge pr\u00e9coce. Il a commenc\u00e9 \u00e0 jouer dans de petits \u00e9v\u00e9nements pour amasser suffisamment d&#8217;argent pour compl\u00e9ter ses \u00e9tudes. Apr\u00e8s son dipl\u00f4me, il d\u00e9m\u00e9nage \u00e0 Ft. Collins, CO., o\u00f9 il ne tarda pas \u00e0 produire pour Satin Hills Records, et Tite Trump Entertainment. Une fois d\u00e9m\u00e9nag\u00e9 \u00e0 Colorado Springs, il a eu l&#8217;occasion d&#8217;\u00e9largir ses horizons, et a commenc\u00e9 \u00e0 r\u00e9aliser et produire plusieurs projets.<\/p>\n<p><img loading=\"lazy\" decoding=\"async\" src=\"http:\/\/nu-motion.com\/wp-content\/uploads\/2016\/12\/Adam-Brown-REVO-2.jpg\" alt=\"\" width=\"208\" height=\"166\" \/><\/p>\n<p>Actuellement, il performe avec plusieurs groupes \u00e0 travers le Colorado et a eu l&#8217;occasion de travailler r\u00e9cemment sur un projet avec John Ontiveros, gagnant Grammy. Il a \u00e9galement commenc\u00e9 \u00e0 travailler sur son premier projet tant attendu, son premier single \u00ab\u00a0Catching Feelings\u00a0\u00bb.<\/p>\n<p><a title=\"http:\/\/www.facebook.com\/adam.brown247\" href=\"http:\/\/www.facebook.com\/adam.brown247\" target=\"_blank\">http:\/\/www.facebook.com\/adam.brown247<\/a><\/p>\n","protected":false},"excerpt":{"rendered":"<p>Adam Brown Clavi\u00e9riste, producteur \/ Artistes Tejano Adam r\u00e9side \u00e0 Colorado Springs, CO. Il est actuellement impliqu\u00e9 avec plusieurs groupes au Colorado. Il a eu l&#8217;occasion de produire de nombreux artistes, 5 fois nomin\u00e9s au Grammy et gagnant Little Joe &hellip; <a class=\"kt-excerpt-readmore\" href=\"https:\/\/nu-motion.com\/?page_id=1161\" aria-label=\"Adam Brown\">Read More<\/a><\/p>\n","protected":false},"author":1,"featured_media":0,"parent":1101,"menu_order":0,"comment_status":"closed","ping_status":"closed","template":"page-fullwidth.php","meta":{"kt_blocks_editor_width":"","footnotes":""},"class_list":["post-1161","page","type-page","status-publish","hentry"],"_links":{"self":[{"href":"https:\/\/nu-motion.com\/index.php?rest_route=\/wp\/v2\/pages\/1161","targetHints":{"allow":["GET"]}}],"collection":[{"href":"https:\/\/nu-motion.com\/index.php?rest_route=\/wp\/v2\/pages"}],"about":[{"href":"https:\/\/nu-motion.com\/index.php?rest_route=\/wp\/v2\/types\/page"}],"author":[{"embeddable":true,"href":"https:\/\/nu-motion.com\/index.php?rest_route=\/wp\/v2\/users\/1"}],"replies":[{"embeddable":true,"href":"https:\/\/nu-motion.com\/index.php?rest_route=%2Fwp%2Fv2%2Fcomments&post=1161"}],"version-history":[{"count":8,"href":"https:\/\/nu-motion.com\/index.php?rest_route=\/wp\/v2\/pages\/1161\/revisions"}],"predecessor-version":[{"id":2216,"href":"https:\/\/nu-motion.com\/index.php?rest_route=\/wp\/v2\/pages\/1161\/revisions\/2216"}],"up":[{"embeddable":true,"href":"https:\/\/nu-motion.com\/index.php?rest_route=\/wp\/v2\/pages\/1101"}],"wp:attachment":[{"href":"https:\/\/nu-motion.com\/index.php?rest_route=%2Fwp%2Fv2%2Fmedia&parent=1161"}],"curies":[{"name":"wp","href":"https:\/\/api.w.org\/{rel}","templated":true}]}}