{"id":1146,"date":"2016-12-10T10:15:14","date_gmt":"2016-12-10T15:15:14","guid":{"rendered":"http:\/\/dev.nu-motion.com\/wordpress\/?page_id=1146"},"modified":"2017-03-16T06:51:22","modified_gmt":"2017-03-16T10:51:22","slug":"jay-jahed","status":"publish","type":"page","link":"https:\/\/nu-motion.com\/?page_id=1146","title":{"rendered":"Jay Jahed"},"content":{"rendered":"<h1>Jay Jahed<\/h1>\n<h4><img loading=\"lazy\" decoding=\"async\" src=\"http:\/\/dev.nu-motion.com\/wordpress\/wp-content\/uploads\/2016\/12\/Jay-Jahed-Numotion-REVO-1-632x946.jpg\" alt=\"\" width=\"233\" height=\"348\" \/><\/h4>\n<h3>Clavi\u00e9riste \/ Anuryzm<\/h3>\n<p>N\u00e9 \u00e0 Beyrouth, au Liban, les talents musicaux de Jay apparaissent en tr\u00e8s bas \u00e2ge, lorsque son p\u00e8re a la maison un mini clavier Casio. Jay s\u2019est inscrit dans une \u00e9cole de piano classique pendant quelques ann\u00e9es. Il a toujours \u00e9t\u00e9 attir\u00e9 par les immenses possibilit\u00e9s des synths et inspir\u00e9 par le rock classique, m\u00e9tal, ainsi que la musique num\u00e9rique et exp\u00e9rimentale au d\u00e9but des ann\u00e9es 80 et 90. Au lancement du club de musique de son universit\u00e9, il a rejoint son premier groupe, DILEMME, un groupe de m\u00e9tal progressif qui lan\u00e7a le genre au Liban. Il a \u00e9galement jou\u00e9 avec d&#8217;autres grands groupes de rock au Liban. Apr\u00e8s avoir d\u00e9m\u00e9nag\u00e9 aux Emirats Arabes Unis, Jay a pris le r\u00f4le de clavi\u00e9riste avec le groupe m\u00e9tal ANURYZM et a partag\u00e9 la sc\u00e8ne avec des groupes \u00e9toiles tels que Black Sabbath, Yngwie Malmsteen, Nightwish, Epica et Avenged Sevenfold. Suite aux \u00a0nombreuses appr\u00e9ciations de la presse mondiale des \u00c9tats-Unis au Japon, Jay esp\u00e8re propulser en tourn\u00e9e ANURYZM vers de nouveaux sommets et les opportunit\u00e9s de libert\u00e9 de mouvement et de cr\u00e9ativit\u00e9 associ\u00e9es \u00e0 son clavier REVO-1. La passion de Jay pour le m\u00e9tal progressif est accompagn\u00e9e d\u2019un grand app\u00e9tit pour la musique \u00e9lectronique, ainsi que la musique ambiante et ethnique. En plus de jouer les synts, il entretient aussi une passion grandissante pour les percussions.<\/p>\n<p><a title=\"http:\/\/www.anuryzm.com\/\" href=\"http:\/\/www.anuryzm.com\/\" target=\"_blank\">www.anuryzm.com<\/a> <a title=\"http:\/\/www.facebook.com\/anuryzm\" href=\"http:\/\/www.facebook.com\/anuryzm\" target=\"_blank\">www.facebook.com\/anuryzm<\/a><a title=\"http:\/\/www.youtube.com\/anuryzmweb\" href=\"http:\/\/www.youtube.com\/anuryzmweb\" target=\"_blank\">www.youtube.com\/anuryzmweb<\/a><a title=\"http:\/\/www.reverbnation.com\/anuryzm\" href=\"http:\/\/www.reverbnation.com\/anuryzm\" target=\"_blank\">www.reverbnation.com\/anuryzm<\/a><\/p>\n<p>\t<iframe loading=\"lazy\" width=\"1140\" height=\"641\" src=\"https:\/\/www.youtube.com\/embed\/BFpoABIF48E?feature=oembed\" frameborder=\"0\" allowfullscreen><\/iframe><\/p>\n","protected":false},"excerpt":{"rendered":"<p>Jay Jahed Clavi\u00e9riste \/ Anuryzm N\u00e9 \u00e0 Beyrouth, au Liban, les talents musicaux de Jay apparaissent en tr\u00e8s bas \u00e2ge, lorsque son p\u00e8re a la maison un mini clavier Casio. Jay s\u2019est inscrit dans une \u00e9cole de piano classique pendant &hellip; <a class=\"kt-excerpt-readmore\" href=\"https:\/\/nu-motion.com\/?page_id=1146\" aria-label=\"Jay Jahed\">Read More<\/a><\/p>\n","protected":false},"author":1,"featured_media":0,"parent":1101,"menu_order":0,"comment_status":"closed","ping_status":"closed","template":"page-fullwidth.php","meta":{"kt_blocks_editor_width":"","footnotes":""},"class_list":["post-1146","page","type-page","status-publish","hentry"],"_links":{"self":[{"href":"https:\/\/nu-motion.com\/index.php?rest_route=\/wp\/v2\/pages\/1146","targetHints":{"allow":["GET"]}}],"collection":[{"href":"https:\/\/nu-motion.com\/index.php?rest_route=\/wp\/v2\/pages"}],"about":[{"href":"https:\/\/nu-motion.com\/index.php?rest_route=\/wp\/v2\/types\/page"}],"author":[{"embeddable":true,"href":"https:\/\/nu-motion.com\/index.php?rest_route=\/wp\/v2\/users\/1"}],"replies":[{"embeddable":true,"href":"https:\/\/nu-motion.com\/index.php?rest_route=%2Fwp%2Fv2%2Fcomments&post=1146"}],"version-history":[{"count":6,"href":"https:\/\/nu-motion.com\/index.php?rest_route=\/wp\/v2\/pages\/1146\/revisions"}],"predecessor-version":[{"id":2259,"href":"https:\/\/nu-motion.com\/index.php?rest_route=\/wp\/v2\/pages\/1146\/revisions\/2259"}],"up":[{"embeddable":true,"href":"https:\/\/nu-motion.com\/index.php?rest_route=\/wp\/v2\/pages\/1101"}],"wp:attachment":[{"href":"https:\/\/nu-motion.com\/index.php?rest_route=%2Fwp%2Fv2%2Fmedia&parent=1146"}],"curies":[{"name":"wp","href":"https:\/\/api.w.org\/{rel}","templated":true}]}}