{"id":1124,"date":"2016-12-10T09:51:41","date_gmt":"2016-12-10T14:51:41","guid":{"rendered":"http:\/\/dev.nu-motion.com\/wordpress\/?page_id=1124"},"modified":"2017-01-25T18:44:59","modified_gmt":"2017-01-25T23:44:59","slug":"lindsay-schoolcraft","status":"publish","type":"page","link":"https:\/\/nu-motion.com\/?page_id=1124","title":{"rendered":"Lindsay Schoolcraft"},"content":{"rendered":"<h1>Lindsay Schoolcraft<\/h1>\n<h3><img loading=\"lazy\" decoding=\"async\" src=\"http:\/\/nu-motion.com\/wp-content\/uploads\/2016\/12\/Lindsay2014-1-632x948.jpg\" alt=\"\" width=\"200\" height=\"299\" \/><\/h3>\n<h3>Artiste solo\/symphonique, vocaliste et clavi\u00e9riste \/ Cradle of Filth<\/h3>\n<p>Originaire d&#8217;Oshawa en Ontario et ayant une formation au Conservatoire royal de musique. En 2013, Lindsay a \u00e9t\u00e9 recrut\u00e9e par le groupe britanique Cradle of Filth pour les performance live (vocal et clavier). Elle performe maintenant sur sc\u00e8ne avec ce groupe culte sur tous les continents pour des spectacles de grandes envergures et des festivals, parfois devant plus de 10 000 spectateurs.<\/p>\n<p>Son premier album solo EP &#8221; Rushing Through The Sky &#8221; a \u00e9t\u00e9 lanc\u00e9 \u00e0 la fin 2012. Cet album comprend des influences m\u00e9tal symphonique et rock avec des \u00e9l\u00e9ments plus soft. Les compositions de Lyndsay\u00a0\u00a0 pr\u00e9sentent des ambiances sonores \u00e9l\u00e9gantes et d\u00e9montrent une ma\u00eetrise des sections de cordes, des ballades au piano, des choeurs ou bien des segments de harpes auxquelles elle ajoute sa voix. Sa musique a \u00e9t\u00e9 compar\u00e9e \u00e0 des artistes comme Evanescence , Nightwish , Within Temptation.<\/p>\n<p><img loading=\"lazy\" decoding=\"async\" src=\"http:\/\/nu-motion.com\/wp-content\/uploads\/2016\/12\/Lindsay-Schoolcraft-REVO-1-1.jpg\" alt=\"\" width=\"243\" height=\"364\" \/><\/p>\n<p>Lyndsay est ainsi vocaliste\/clavi\u00e9riste Cradle of Filth et auteure de ses propres cr\u00e9ations musicales.<\/p>\n<p>&nbsp;<\/p>\n<p>&nbsp;<\/p>\n<p><a href=\"https:\/\/www.facebook.com\/schoolcraftofficial\">https:\/\/www.facebook.com\/schoolcraftofficial<\/a><\/p>\n<p><a href=\"https:\/\/www.facebook.com\/schoolcraftofficial\"><br \/>\n<\/a> <a href=\"https:\/\/www.youtube.com\/watch?v=6wvcNvi9POI\">https:\/\/www.youtube.com\/watch?v=6wvcNvi9POI<\/a><\/p>\n","protected":false},"excerpt":{"rendered":"<p>Lindsay Schoolcraft Artiste solo\/symphonique, vocaliste et clavi\u00e9riste \/ Cradle of Filth Originaire d&#8217;Oshawa en Ontario et ayant une formation au Conservatoire royal de musique. En 2013, Lindsay a \u00e9t\u00e9 recrut\u00e9e par le groupe britanique Cradle of Filth pour les performance &hellip; <a class=\"kt-excerpt-readmore\" href=\"https:\/\/nu-motion.com\/?page_id=1124\" aria-label=\"Lindsay Schoolcraft\">Read More<\/a><\/p>\n","protected":false},"author":1,"featured_media":0,"parent":1101,"menu_order":0,"comment_status":"closed","ping_status":"closed","template":"page-fullwidth.php","meta":{"kt_blocks_editor_width":"","footnotes":""},"class_list":["post-1124","page","type-page","status-publish","hentry"],"_links":{"self":[{"href":"https:\/\/nu-motion.com\/index.php?rest_route=\/wp\/v2\/pages\/1124","targetHints":{"allow":["GET"]}}],"collection":[{"href":"https:\/\/nu-motion.com\/index.php?rest_route=\/wp\/v2\/pages"}],"about":[{"href":"https:\/\/nu-motion.com\/index.php?rest_route=\/wp\/v2\/types\/page"}],"author":[{"embeddable":true,"href":"https:\/\/nu-motion.com\/index.php?rest_route=\/wp\/v2\/users\/1"}],"replies":[{"embeddable":true,"href":"https:\/\/nu-motion.com\/index.php?rest_route=%2Fwp%2Fv2%2Fcomments&post=1124"}],"version-history":[{"count":6,"href":"https:\/\/nu-motion.com\/index.php?rest_route=\/wp\/v2\/pages\/1124\/revisions"}],"predecessor-version":[{"id":2203,"href":"https:\/\/nu-motion.com\/index.php?rest_route=\/wp\/v2\/pages\/1124\/revisions\/2203"}],"up":[{"embeddable":true,"href":"https:\/\/nu-motion.com\/index.php?rest_route=\/wp\/v2\/pages\/1101"}],"wp:attachment":[{"href":"https:\/\/nu-motion.com\/index.php?rest_route=%2Fwp%2Fv2%2Fmedia&parent=1124"}],"curies":[{"name":"wp","href":"https:\/\/api.w.org\/{rel}","templated":true}]}}